hat are the prime factors of z?
2, 5, 19
Let t(r) = -3*r + 31. Let m(s) = 8*s - 92. Let v(n) = -4*m(n) - 11*t(n). List the prime factors of v(0).
3
Suppose 0 = -0*t + 3*t. Suppose -25*u + 21*u + 256 = t. List the prime factors of u.
2
Suppose 19*i + 175 = -281. Let o = 272 + i. List the prime factors of o.
2, 31
Let n(g) = -2*g**2 - 2*g - 7. Let x(q) = -5*q**2 - 7*q - 21. Let p(c) = -8*n(c) + 3*x(c). What are the prime factors of p(10)?
43
Suppose 2*s - 18 = -5*i, -i + 0*s + 10 = 2*s. Suppose -i*w = -3*w + 3. Suppose j = 2*m + 20, 0*m = -j + w*m + 24. List the prime factors of j.
2, 3
Let k(r) = -r**3 - 9*r**2 - 9*r - 2. Let j(n) = -n - n**2 + 3*n**3 + 4 + 0*n**3 - 2*n**3 - 2. Let a be j(-2). What are the prime factors of k(a)?
2, 3
Let n(x) = -x**3 - 71*x**2 - 89*x + 252. List the prime factors of n(-70).
2, 7, 113
Suppose -45*o + 17*o + 78568 = 0. What are the prime factors of o?
2, 23, 61
Suppose 90*f + 20 = 94*f. Suppose 4*n = 2*n + 2*q + 42, -f*q = 3*n - 87. List the prime factors of n.
2, 3
Suppose -5*d - 2*s + 206 = -s, -208 = -5*d - 3*s. Suppose 31 + d = 2*h. List the prime factors of h.
2, 3
Suppose -w - 13 = -16. Suppose 5*a = 458 - w. What are the prime factors of a?
7, 13
Suppose 25*t - 480 = 29*t. Let n = t + 256. What are the prime factors of n?
2, 17
Let b(h) = 25*h - 17. Let n(y) = -3*y + 2. Let o(j) = 6*b(j) + 51*n(j). What are the prime factors of o(-3)?
3
Let y(s) = 2*s**2 + 2*s - 1. Let r be y(-2). Suppose r*n - 44 = 52. List the prime factors of n.
2
Suppose -5*l + 7 = -4*l. Suppose -2 = n - l. Suppose -i - 125 = -5*o, 0*i = n*o + 5*i - 125. List the prime factors of o.
5
Let y = 20 + -21. Let j be -1 + 1/(y/38). Let v = -8 - j. List the prime factors of v.
31
Suppose 2*c - 81 - 21 = 0. Let r be 3/(-12) - c/(-12). Suppose -18 = 4*x + 4*o - 82, r*x - 4*o - 40 = 0. What are the prime factors of x?
13
Suppose 0 = -3*h + 3*c + 658 + 8423, 0 = -5*h - 3*c + 15103. What are the prime factors of h?
3023
Suppose -2*j + 5*j - 5*t - 1100 = 0, 5*j + 3*t = 1822. List the prime factors of j.
5, 73
Let g be -3 - -12 - (0 - -4*1). Suppose 0 = 4*b + 3*u - 604, b - g*u - 51 - 123 = 0. What are the prime factors of b?
2, 7, 11
Suppose -3*l + 8*l = 0. Suppose l*x - x + 24 = 0. Suppose -x = c - 3*c. What are the prime factors of c?
2, 3
Let x(b) = 3*b + 8. Let h(p) = 3*p - 6. Let i be h(4). Let w be x(i). List the prime factors of (-3)/1*w/(-6).
13
Let s = 25 + 112. Suppose 4*q = -5*x + 297, -2*q = x - 4 - s. List the prime factors of q.
2, 17
Let r = 7374 - 4146. List the prime factors of r.
2, 3, 269
Let z(y) = -y - 230*y**2 + 4 + 4*y + 263*y**2 + 0*y. List the prime factors of z(-1).
2, 17
Suppose 3*y = -2*b + 482, 4*y - 818 = -y + 4*b. Let w = y + -41. Suppose 5*c + 0*n - 225 = 5*n, -3*c - 4*n + w = 0. List the prime factors of c.
43
Suppose -n + 3 = 3*a, 4*n = 4*a + 21 - 9. Let o = 1310 + -792. List the prime factors of o/(-42)*(-3 + a).
37
Let q = -152 - -253. Let v = 64 + q. List the prime factors of v.
3, 5, 11
Suppose -4*a - 11 = 3*n, 4*a - a + 3 = 3*n. Let p be 1 - 1 - n*2. List the prime factors of 17/p - (-7)/14.
3
Suppose -2*j = 5*m - 4, -4*j = -3*m + m - 8. Let d be (15/j)/(10/20). What are the prime factors of 3976/120 - 2/d?
3, 11
Suppose 0 = -6*p + 1547 + 3847. List the prime factors of p.
29, 31
Let u(j) = j**3 + 9*j**2 + j - 1. Let q be u(-6). Suppose 0 = -3*k - 4*v - q, 3*k + 80 = -5*v - 20. What are the prime factors of 3 - (k - (-1 - 0))?
37
Suppose -4*t - 25 - 59 = 0. Let q = 243 + t. What are the prime factors of q?
2, 3, 37
Let j(h) be the third derivative of -h**5/60 - h**4/8 - h**3/2 - 4*h**2. Let t be j(-3). Let p(n) = -2*n**3 - 4*n**2 - 3*n. What are the prime factors of p(t)?
3
What are the prime factors of (-2232)/(-96)*(-764)/(-3)?
31, 191
Suppose -9 = -2*c + 1. Suppose 3*n - 2*v = -19 + 293, 0 = c*n + 2*v - 446. List the prime factors of n.
2, 3, 5
List the prime factors of (47/(-141))/(-1 + 956/957).
11, 29
What are the prime factors of (-6)/((-7)/18060*5)?
2, 3, 43
Let r be 1/3*(-3 + 3). Suppose -4*j + 0*j + 12 = r. Suppose 4*o = -3*a + 26, -58 = -3*a + j*o + o. What are the prime factors of a?
2, 7
Let v be (6/4)/((-18)/(-48)). Suppose 4*a - v*m = 44, -a - 3*m - 53 = -6*a. What are the prime factors of a?
2, 5
Suppose -j + 1 = 0, 5*f = j + 4*j + 2420. List the prime factors of f.
5, 97
Suppose n = 1, -15*n = -m - 14*n + 247. What are the prime factors of m?
2, 31
Let c(k) = k**3 - 2*k**2 - 2*k - 2. Suppose 20 = -3*g + 8, -5*i - 3*g + 3 = 0. Let d be c(i). List the prime factors of 1 - -9 - d/(-1).
11
Suppose b - 130 = -b. Let d = 113 - b. List the prime factors of d.
2, 3
List the prime factors of ((-622)/3 - -5)*-9.
3, 607
Let n(q) be the third derivative of -q**4/4 - 9*q**3 - 29*q**2. What are the prime factors of n(-13)?
2, 3
Let t be 5/(30/8)*6. Let i = -5 + t. Suppose 51 = i*n - 2*n + 5*y, -5*n = 3*y - 145. What are the prime factors of n?
2, 13
Let z = 585 + -487. List the prime factors of z.
2, 7
Suppose -u = -1 - 3. Let o(r) = -u*r - 3*r + 0 + 3. List the prime factors of o(-3).
2, 3
Suppose 5*g + 2*i - 421 - 1364 = 0, 1071 = 3*g + i. Suppose 0*h = h + y - 176, -2*h + 3*y + g = 0. List the prime factors of h.
3, 59
Let r(s) = -205*s - 8. What are the prime factors of r(-8)?
2, 3, 17
Let f = 3 - 1. Suppose -3*l + t = 6*t - 580, -f*l = -4*t - 350. What are the prime factors of l?
5, 37
Let w(p) = 2*p**3 - 6*p**2 - 11*p - 10. Let v be w(6). Suppose 4*n = -n - 2*x + v, 2*n = 3*x + 75. List the prime factors of n.
2, 3, 5
Let c(y) = y**2 + 7*y - 8. Let r(g) = g**2 + 7*g - 4. Let x be r(-6). Let v be c(x). Let w = 43 - v. What are the prime factors of w?
3, 7
Let k(t) = -t**2 + 15*t + 11. Suppose b - 20 = 28. Suppose 3*l + l + x = b, -5*x = 2*l - 42. List the prime factors of k(l).
5, 11
Let s(c) = c**2. Let o be s(3). Suppose 0 = -i - 5*d - 2, -5*i - 5*d = -1 - o. Suppose -2*b - i*b = -150. List the prime factors of b.
2, 3, 5
Suppose -3*i + 17 = -16. Suppose 1 = 2*t - i. Suppose t*f = 2*f + 144. What are the prime factors of f?
2, 3
Let g(v) = -v**3 + 6*v**2 + 8*v - 1. Let m be g(7). Let q(l) be the third derivative of 7*l**4/24 - 4*l**3/3 - 3*l**2. List the prime factors of q(m).
2, 17
Let q(g) = 2*g - 16. Let n be q(7). List the prime factors of 11*(-7 + 4)*n.
2, 3, 11
Let j(u) = u - 3. Let v be j(5). Suppose 5*l = 52 - v. Suppose -3*c - l + 44 = 4*s, 3*c + s - 31 = 0. List the prime factors of c.
2, 5
Let j be -2 + 20*(-1)/(-2). Suppose 13*c = j*c + 315. List the prime factors of c.
3, 7
Let l(d) = 2*d**3 - d**2 + 3*d - 1. Let w be 0 + (-3 - (0 - 5)). Suppose w = s - 0. List the prime factors of l(s).
17
Suppose -79*w + 141133 = -25083. What are the prime factors of w?
2, 263
Let s(j) = -j**3 + 17*j**2 - 16*j + 4. Let u be s(16). Suppose 0 = u*g - 125 - 439. What are the prime factors of g?
3, 47
Let k(b) = b**3 - 9*b**2 - 15*b - 1. Let x be k(11). Suppose 4*m - x = -5*u + 96, 164 = 3*m - 5*u. What are the prime factors of m?
2, 3
Let s = 20 - 18. Suppose -2*j = -c - 15, j - s*c - 11 = -2. List the prime factors of j.
7
Let l be (-20)/(-8) + -4 + 585/6. Let z = -119 - -210. Suppose 0 = 3*o + o + 4*r - l, 4*o - z = -3*r. What are the prime factors of o?
19
Let t = -5255 - -7703. List the prime factors of t.
2, 3, 17
Suppose 37*h - 46*h + 27 = 0. Suppose x = h*x - 100. List the prime factors of x.
2, 5
Suppose -631 = -2*l + 109. What are the prime factors of l?
2, 5, 37
Let g(t) = 23*t - 6. Let f = -2 + 5. List the prime factors of g(f).
3, 7
Suppose 4*s = -s - 290. Let g = 124 + s. List the prime factors of g.
2, 3, 11
Suppose 0 = -5*w + 8*w - 12. Let d(q) = 2*q**2 - 4*q - 2. What are the prime factors of d(w)?
2, 7
Let x(o) = o**3 - o + 318. List the prime factors of x(0).
2, 3, 53
Let u(i) = -2 - 39*i + 7 - 4 + 32*i. What are the prime factors of u(-3)?
2, 11
Let t(d) be the second derivative of d**6/360 + d**5/10 + d**4/2 + 2*d**3 - 4*d. Let x(o) be the second derivative of t(o). List the prime factors of x(-12).
2, 3
Suppose 0 = -5*f - 5*l - 15, 4*f = f + 5*l + 31. Suppose f*o + 2 - 1 = u, 0 = 3*u + 3*o + 15. Let b = u + 20. List the prime factors of b.
17
List the prime factors of ((-20)/(-8) - (-6)/12) + 367.
2, 5, 37
Suppose 3*t - 95 = -4*n + 93, -224 = -5*n - t. List the prime factors of n